{"id":351,"date":"2024-12-30T17:25:51","date_gmt":"2024-12-30T17:25:51","guid":{"rendered":"https:\/\/tuptamtu.wieszjak.org\/?page_id=351"},"modified":"2025-05-29T22:14:22","modified_gmt":"2025-05-29T22:14:22","slug":"gry-terenowe-i-miejskie","status":"publish","type":"page","link":"https:\/\/tuptamtu.wieszjak.org\/index.php\/gry-terenowe-i-miejskie\/","title":{"rendered":"Gry terenowe i miejskie"},"content":{"rendered":"<p>[et_pb_section fb_built=&#8221;1&#8243; admin_label=&#8221;Hero&#8221; _builder_version=&#8221;4.27.4&#8243; _module_preset=&#8221;default&#8221; use_background_color_gradient=&#8221;on&#8221; background_color_gradient_direction=&#8221;282deg&#8221; background_color_gradient_stops=&#8221;rgba(255, 255, 255, 0) 2%|rgba(255,255,255,0) 8%|rgba(255,255,255,0) 88%|#ffffff 100%&#8221; background_color_gradient_overlays_image=&#8221;on&#8221; background_image=&#8221;https:\/\/tuptamtu.wieszjak.org\/wp-content\/uploads\/2024\/12\/Tlo-glowne-Wrzosowiskozachod-slonca_-FullHD.jpg&#8221; parallax=&#8221;on&#8221; background_blend=&#8221;screen&#8221; custom_padding=&#8221;||8vw||false|false&#8221; background_last_edited=&#8221;on|desktop&#8221; use_background_color_gradient_tablet=&#8221;on&#8221; background_color_gradient_direction_tablet=&#8221;253deg&#8221; background_color_gradient_stops_tablet=&#8221;rgba(255, 255, 255, 0) 0%|rgba(255,255,255,0) 6%|rgba(255,255,255,0) 85%|#ffffff 100%&#8221; background_image_tablet=&#8221;https:\/\/tuptamtu.wieszjak.org\/wp-content\/uploads\/2024\/12\/Tlo-glowne-Wrzosowiskozachod-slonca_-FullHD.jpg&#8221; background_enable_image_tablet=&#8221;on&#8221; saved_tabs=&#8221;all&#8221; locked=&#8221;off&#8221; collapsed=&#8221;on&#8221; global_colors_info=&#8221;{%22#7323C7%22:%91%22background_color_gradient_stops%22%93}&#8221;][et_pb_row column_structure=&#8221;1_3,1_3,1_3&#8243; _builder_version=&#8221;4.27.4&#8243; _module_preset=&#8221;5138c454-be54-4233-bd3b-f8e6a8747976&#8243; position_origin_r=&#8221;top_right&#8221; module_alignment=&#8221;right&#8221; custom_margin=&#8221;|auto||1463px||&#8221; custom_padding=&#8221;0px|||||&#8221; global_colors_info=&#8221;{}&#8221;][et_pb_column type=&#8221;1_3&#8243; _builder_version=&#8221;4.16.0&#8243; _module_preset=&#8221;73121f80-a3ef-4484-8763-c3f18e3c56d2&#8243; global_colors_info=&#8221;{}&#8221;][\/et_pb_column][et_pb_column type=&#8221;1_3&#8243; _builder_version=&#8221;4.27.4&#8243; _module_preset=&#8221;73121f80-a3ef-4484-8763-c3f18e3c56d2&#8243; background_color=&#8221;RGBA(255,255,255,0)&#8221; use_background_color_gradient=&#8221;on&#8221; background_color_gradient_type=&#8221;circular&#8221; background_color_gradient_stops=&#8221;#ffffff 0%|rgba(255,255,255,0) 67%&#8221; global_colors_info=&#8221;{}&#8221;][\/et_pb_column][et_pb_column type=&#8221;1_3&#8243; _builder_version=&#8221;4.27.4&#8243; _module_preset=&#8221;73121f80-a3ef-4484-8763-c3f18e3c56d2&#8243; background_color=&#8221;RGBA(255,255,255,0)&#8221; global_colors_info=&#8221;{}&#8221;][et_pb_image src=&#8221;https:\/\/tuptamtu.wieszjak.org\/wp-content\/uploads\/2024\/12\/Untitled-3-1-2-300&#215;257.png&#8221; title_text=&#8221;Untitled-3 (1) (2)&#8221; align=&#8221;center&#8221; _builder_version=&#8221;4.27.4&#8243; _module_preset=&#8221;default&#8221; background_color=&#8221;rgba(255,255,255,0)&#8221; use_background_color_gradient=&#8221;on&#8221; background_color_gradient_type=&#8221;circular&#8221; background_color_gradient_stops=&#8221;#ffffff 0%|rgba(255,255,255,0) 65%&#8221; background_last_edited=&#8221;on|desktop&#8221; use_background_color_gradient_tablet=&#8221;on&#8221; use_background_color_gradient_phone=&#8221;on&#8221; background_color_gradient_stops_tablet=&#8221;#ffffff 0%|rgba(255,255,255,0) 40%&#8221; background_color_gradient_stops_phone=&#8221;#ffffff 0%|rgba(255,255,255,0) 69%&#8221; border_radii=&#8221;on|26px|26px|26px|26px&#8221; global_colors_info=&#8221;{}&#8221;][\/et_pb_image][\/et_pb_column][\/et_pb_row][\/et_pb_section][et_pb_section fb_built=&#8221;1&#8243; custom_padding_last_edited=&#8221;on|phone&#8221; admin_label=&#8221;About&#8221; _builder_version=&#8221;4.27.4&#8243; _module_preset=&#8221;default&#8221; background_color=&#8221;RGBA(255,255,255,0)&#8221; custom_padding=&#8221;5%||||false|false&#8221; custom_padding_tablet=&#8221;9%||||false|false&#8221; custom_padding_phone=&#8221;12%||||false|false&#8221; collapsed=&#8221;off&#8221; global_colors_info=&#8221;{}&#8221;][et_pb_row custom_padding_last_edited=&#8221;on|desktop&#8221; _builder_version=&#8221;4.27.4&#8243; _module_preset=&#8221;048d8e79-b07f-439b-bd57-f41c14f0a56b&#8221; background_color=&#8221;#FFFFFF&#8221; width_tablet=&#8221;88%&#8221; width_phone=&#8221;90%&#8221; width_last_edited=&#8221;on|phone&#8221; max_width=&#8221;2560px&#8221; module_alignment=&#8221;center&#8221; custom_margin=&#8221;||2%||false|false&#8221; custom_padding=&#8221;|30px||30px|false|true&#8221; custom_padding_tablet=&#8221;|30px||30px|false|true&#8221; custom_padding_phone=&#8221;|20px||20px|false|true&#8221; border_radii=&#8221;on|6px|6px|6px|6px&#8221; border_width_all=&#8221;1px&#8221; border_color_all=&#8221;#ffe433&#8243; box_shadow_style=&#8221;preset3&#8243; box_shadow_color=&#8221;rgba(0,0,0,0.8)&#8221; global_colors_info=&#8221;{}&#8221;][et_pb_column type=&#8221;4_4&#8243; _builder_version=&#8221;4.25.1&#8243; _module_preset=&#8221;default&#8221; global_colors_info=&#8221;{}&#8221;][et_pb_heading title=&#8221;Gry terenowe i miejskie&#8221; _builder_version=&#8221;4.27.4&#8243; _module_preset=&#8221;c33f07d9-41e0-421a-8799-5799df695cce&#8221; title_level=&#8221;h2&#8243; title_font=&#8221;Mountains of Christmas|700|||||||&#8221; title_text_align=&#8221;center&#8221; title_text_color=&#8221;#952fde&#8221; title_font_size=&#8221;5em&#8221; title_line_height=&#8221;1.2em&#8221; custom_margin=&#8221;||||false|false&#8221; custom_padding=&#8221;1%||1%||true|false&#8221; title_font_size_tablet=&#8221;5em&#8221; title_font_size_phone=&#8221;4em&#8221; title_font_size_last_edited=&#8221;on|phone&#8221; global_colors_info=&#8221;{}&#8221;][\/et_pb_heading][et_pb_text quote_border_color=&#8221;#76E0D3&#8243; _builder_version=&#8221;4.27.4&#8243; _module_preset=&#8221;2c55a9c4-feed-423b-9edb-ae0b5b365cac&#8221; text_font=&#8221;Poppins|Poppins_weight|||||||&#8221; text_text_color=&#8221;#000000&#8243; text_font_size=&#8221;16px&#8221; text_line_height=&#8221;1.75em&#8221; link_font=&#8221;|Poppins_weight|||||||&#8221; link_text_color=&#8221;#7323C7&#8243; quote_font=&#8221;Abril Fatface|Abril Fatface_weight|||||||&#8221; quote_text_color=&#8221;#111111&#8243; header_font=&#8221;Abril Fatface|Abril Fatface_weight|||||||&#8221; header_text_color=&#8221;#111111&#8243; header_font_size=&#8221;72px&#8221; header_line_height=&#8221;1.15em&#8221; header_2_font=&#8221;Abril Fatface|Abril Fatface_weight|||||||&#8221; header_2_text_color=&#8221;#111111&#8243; header_2_font_size=&#8221;50px&#8221; header_2_line_height=&#8221;1.2em&#8221; header_3_font=&#8221;Abril Fatface|Abril Fatface_weight|||||||&#8221; header_3_text_color=&#8221;#111111&#8243; header_3_font_size=&#8221;32px&#8221; header_3_line_height=&#8221;1.3em&#8221; header_4_font=&#8221;Abril Fatface|Abril Fatface_weight|||||||&#8221; header_4_text_color=&#8221;#111111&#8243; header_4_font_size=&#8221;24px&#8221; header_4_line_height=&#8221;1.4em&#8221; header_5_font=&#8221;Abril Fatface|Abril Fatface_weight|||||||&#8221; header_5_text_color=&#8221;#111111&#8243; header_5_font_size=&#8221;18px&#8221; header_5_line_height=&#8221;1.4em&#8221; header_6_font=&#8221;Abril Fatface|Abril Fatface_weight|||||||&#8221; header_6_text_color=&#8221;#111111&#8243; header_6_line_height=&#8221;1.5em&#8221; custom_margin=&#8221;||||false|false&#8221; hover_enabled=&#8221;0&#8243; text_font_size_tablet=&#8221;15px&#8221; text_font_size_phone=&#8221;14px&#8221; text_font_size_last_edited=&#8221;on|phone&#8221; header_font_size_tablet=&#8221;40px&#8221; header_font_size_phone=&#8221;24px&#8221; header_font_size_last_edited=&#8221;on|desktop&#8221; header_2_font_size_tablet=&#8221;28px&#8221; header_2_font_size_phone=&#8221;20px&#8221; header_2_font_size_last_edited=&#8221;on|phone&#8221; header_3_font_size_tablet=&#8221;22px&#8221; header_3_font_size_phone=&#8221;17px&#8221; header_3_font_size_last_edited=&#8221;on|phone&#8221; header_4_font_size_tablet=&#8221;18px&#8221; header_4_font_size_phone=&#8221;15px&#8221; header_4_font_size_last_edited=&#8221;on|tablet&#8221; header_5_font_size_tablet=&#8221;15px&#8221; header_5_font_size_phone=&#8221;14px&#8221; header_5_font_size_last_edited=&#8221;on|desktop&#8221; header_6_font_size_tablet=&#8221;13px&#8221; header_6_font_size_phone=&#8221;13px&#8221; header_6_font_size_last_edited=&#8221;on|desktop&#8221; global_colors_info=&#8221;{}&#8221; sticky_enabled=&#8221;0&#8243;]<\/p>\n<p><strong>Zamiast Siedzie\u0107 \u2013 Rozegraj To!<\/strong><\/p>\n<p>Terenowe. Le\u015bne. Miejskie. Firmowe. Niezapomniane.<\/p>\n<p>Wyobra\u017a sobie \u015bwiat, w kt\u00f3rym miasto staje si\u0119 plansz\u0105, las \u2013 tajemniczym labiryntem, a Twoi znajomi, uczniowie czy wsp\u00f3\u0142pracownicy \u2013 dru\u017cyn\u0105 gotow\u0105 na ka\u017cd\u0105 przygod\u0119.<br \/>U nas gry to co\u015b wi\u0119cej ni\u017c zabawa \u2013 to do\u015bwiadczenie, kt\u00f3re \u0142\u0105czy, rozwija i zostaje w pami\u0119ci na d\u0142ugo.<\/p>\n<p>&#x1f333; Dla dzieci, m\u0142odzie\u017cy, doros\u0142ych i ca\u0142ych rodzin.<br \/>&#x1f3d9;&#xfe0f; Dla szk\u00f3\u0142, firm, instytucji i grup zorganizowanych.<br \/>&#x1f4cd; W mie\u015bcie, w lesie, na podw\u00f3rku \u2013 wsz\u0119dzie tam, gdzie mo\u017cna postawi\u0107 pierwszy krok ku przygodzie.<\/p>\n<p>Oferujemy:<\/p>\n<ul>\n<li>Autorskie gry miejskie z histori\u0105, fabu\u0142\u0105 i zagadkami.<\/li>\n<li>Gry le\u015bne i terenowe z edukacj\u0105 przyrodnicz\u0105, survivalem i ruchem.<\/li>\n<li>Gry firmowe \u2013 integracyjne, scenariuszowe, team-buildingowe.<\/li>\n<li>Wersje personalizowane, z aktorami, technologi\u0105, kostiumami lub\u2026 czym tylko chcesz.<\/li>\n<\/ul>\n<p>Ka\u017cda nasza gra to:<\/p>\n<ul>\n<li>przemy\u015blany scenariusz,<\/li>\n<li>pi\u0119kne lokalizacje,<\/li>\n<li>rozw\u00f3j kompetencji i relacji,<\/li>\n<li>du\u017ca porcja \u015bmiechu, ruchu i odkrywania.<\/li>\n<\/ul>\n<p>Dla nas ka\u017cda grupa to nowa dru\u017cyna, ka\u017cda gra \u2013 nowa przygoda, a ka\u017cdy klient \u2013 partner do tworzenia czego\u015b wyj\u0105tkowego.<br \/>Chcesz historii z legend? Zagadek z GPS-em? A mo\u017ce wolisz biega\u0107 po lesie za runami i tropami \u017cubra?<br \/>Niezale\u017cnie od wyboru \u2013 b\u0119dzie si\u0119 dzia\u0142o. I b\u0119dzie si\u0119 o tym m\u00f3wi\u0107!<\/p>\n<p>&#x1f4e9; Zajrzyj do naszej oferty i wybierz swoj\u0105 gr\u0119. Albo&#8230; stw\u00f3rzmy j\u0105 razem od podstaw.<\/p>\n<ul><\/ul>\n<p>[\/et_pb_text][\/et_pb_column][\/et_pb_row][et_pb_row custom_padding_last_edited=&#8221;on|phone&#8221; _builder_version=&#8221;4.27.4&#8243; _module_preset=&#8221;default&#8221; position_origin_a=&#8221;bottom_center&#8221; position_origin_r=&#8221;bottom_left&#8221; horizontal_offset=&#8221;6%&#8221; max_width=&#8221;2560px&#8221; custom_padding=&#8221;||5%||false|false&#8221; custom_padding_tablet=&#8221;&#8221; custom_padding_phone=&#8221;&#8221; global_colors_info=&#8221;{}&#8221;][et_pb_column type=&#8221;4_4&#8243; _builder_version=&#8221;4.27.4&#8243; _module_preset=&#8221;default&#8221; global_colors_info=&#8221;{}&#8221;][et_pb_image src=&#8221;https:\/\/tuptamtu.wieszjak.org\/wp-content\/uploads\/2025\/01\/Wizja-gry-terenowej-w-krysztalowej-kuli-1.png&#8221; title_text=&#8221;Wizja gry terenowej w kryszta\u0142owej kuli (1)&#8221; align=&#8221;right&#8221; _builder_version=&#8221;4.27.4&#8243; _module_preset=&#8221;default&#8221; positioning=&#8221;absolute&#8221; position_origin_a=&#8221;bottom_right&#8221; position_origin_f=&#8221;bottom_right&#8221; position_origin_r=&#8221;bottom_right&#8221; horizontal_offset=&#8221;-3%&#8221; z_index=&#8221;101&#8243; position_origin_a_tablet=&#8221;center_right&#8221; position_origin_a_phone=&#8221;center_right&#8221; position_origin_a_last_edited=&#8221;on|phone&#8221; position_origin_f_tablet=&#8221;&#8221; position_origin_f_phone=&#8221;&#8221; position_origin_f_last_edited=&#8221;on|phone&#8221; position_origin_r_tablet=&#8221;&#8221; position_origin_r_phone=&#8221;&#8221; position_origin_r_last_edited=&#8221;on|phone&#8221; width=&#8221;18%&#8221; width_tablet=&#8221;26%&#8221; width_phone=&#8221;48%&#8221; width_last_edited=&#8221;on|phone&#8221; motion_trigger_start=&#8221;top&#8221; positioning_tablet=&#8221;&#8221; positioning_phone=&#8221;&#8221; positioning_last_edited=&#8221;on|desktop&#8221; global_colors_info=&#8221;{}&#8221;][\/et_pb_image][\/et_pb_column][\/et_pb_row][\/et_pb_section][et_pb_section fb_built=&#8221;1&#8243; admin_label=&#8221;Footer&#8221; _builder_version=&#8221;4.27.4&#8243; _module_preset=&#8221;default&#8221; background_color=&#8221;#76e0d3&#8243; background_image=&#8221;https:\/\/tuptamtu.wieszjak.org\/wp-content\/uploads\/2024\/12\/Projekt-bez-nazwy-5.png&#8221; background_size=&#8221;custom&#8221; background_image_width=&#8221;100%&#8221; background_position=&#8221;bottom_center&#8221; min_height=&#8221;364px&#8221; custom_margin=&#8221;5%||||false|false&#8221; custom_padding=&#8221;0px||0px|||&#8221; top_divider_style=&#8221;asymmetric3&#8243; top_divider_color=&#8221;rgba(149,47,222,0.13)&#8221; top_divider_height=&#8221;6%&#8221; scroll_blur=&#8221;0|30|60|100|10|0|0&#8243; motion_trigger_start=&#8221;bottom&#8221; global_module=&#8221;564&#8243; collapsed=&#8221;off&#8221; global_colors_info=&#8221;{}&#8221;][et_pb_row column_structure=&#8221;1_3,1_3,1_3&#8243; make_equal=&#8221;on&#8221; _builder_version=&#8221;4.27.4&#8243; _module_preset=&#8221;default&#8221; positioning=&#8221;none&#8221; position_origin_a=&#8221;center_center&#8221; position_origin_r=&#8221;bottom_right&#8221; width=&#8221;70%&#8221; width_tablet=&#8221;50%&#8221; width_phone=&#8221;90%&#8221; width_last_edited=&#8221;on|phone&#8221; max_width=&#8221;2000px&#8221; global_colors_info=&#8221;{}&#8221;][et_pb_column type=&#8221;1_3&#8243; _builder_version=&#8221;4.27.4&#8243; _module_preset=&#8221;50607da8-57bc-4d4b-aaef-f02e41c2cc4a&#8221; background_color=&#8221;rgba(255,255,255,0.6)&#8221; custom_padding=&#8221;10px|10px|10px|10px|true|true&#8221; custom_padding_tablet=&#8221;10px|10px|10px|10px|true|true&#8221; custom_padding_phone=&#8221;10px|10px|10px|10px|true|true&#8221; custom_padding_last_edited=&#8221;on|phone&#8221; border_radii=&#8221;on|6px|6px|6px|6px&#8221; box_shadow_style=&#8221;preset1&#8243; box_shadow_vertical=&#8221;24px&#8221; box_shadow_blur=&#8221;72px&#8221; box_shadow_spread=&#8221;-12px&#8221; box_shadow_color=&#8221;rgba(0,0,0,0.12)&#8221; global_colors_info=&#8221;{}&#8221;][et_pb_text _builder_version=&#8221;4.27.4&#8243; _module_preset=&#8221;default&#8221; text_font=&#8221;Mountains of Christmas||||||||&#8221; text_text_color=&#8221;#952fde&#8221; text_font_size=&#8221;1.2em&#8221; custom_margin=&#8221;||-1px|||&#8221; global_colors_info=&#8221;{}&#8221;]<\/p>\n<p style=\"text-align: center;\"><strong>Stowarzyszenie Wieszjak\u00a0<\/strong><\/p>\n<p>[\/et_pb_text][dsm_icon_list icon_color=&#8221;#952fde&#8221; list_alignment=&#8221;center&#8221; text_indent=&#8221;3%&#8221; _builder_version=&#8221;4.27.4&#8243; _module_preset=&#8221;default&#8221; text_font=&#8221;Lato||||||||&#8221; text_text_color=&#8221;#000000&#8243; text_font_size=&#8221;1em&#8221; text_line_height=&#8221;1.6em&#8221; custom_margin=&#8221;||||false|false&#8221; custom_padding=&#8221;1%||||false|false&#8221; global_colors_info=&#8221;{}&#8221;][dsm_icon_list_child text=&#8221;ul. Pi\u0142sudzkiego 17\/3c, Szczecin&#8221; font_icon=&#8221;&#xe01d;||divi||400&#8243; _builder_version=&#8221;4.27.4&#8243; _module_preset=&#8221;default&#8221; global_colors_info=&#8221;{}&#8221;][\/dsm_icon_list_child][dsm_icon_list_child text=&#8221;biuro@wieszjak.org&#8221; font_icon=&#8221;&#xe010;||divi||400&#8243; _builder_version=&#8221;4.27.4&#8243; _module_preset=&#8221;default&#8221; global_colors_info=&#8221;{}&#8221;][\/dsm_icon_list_child][dsm_icon_list_child text=&#8221;601 666 262&#8243; font_icon=&#8221;&#xe00b;||divi||400&#8243; _builder_version=&#8221;4.27.4&#8243; _module_preset=&#8221;default&#8221; global_colors_info=&#8221;{}&#8221;][\/dsm_icon_list_child][\/dsm_icon_list][\/et_pb_column][et_pb_column type=&#8221;1_3&#8243; _builder_version=&#8221;4.27.4&#8243; _module_preset=&#8221;50607da8-57bc-4d4b-aaef-f02e41c2cc4a&#8221; background_color=&#8221;rgba(255,255,255,0.6)&#8221; custom_padding=&#8221;10px|10px|10px|10px|true|true&#8221; custom_padding_tablet=&#8221;10px|10px|10px|10px|true|true&#8221; custom_padding_phone=&#8221;10px|10px|10px|10px|true|true&#8221; custom_padding_last_edited=&#8221;on|phone&#8221; border_radii=&#8221;on|6px|6px|6px|6px&#8221; box_shadow_style=&#8221;preset1&#8243; box_shadow_vertical=&#8221;24px&#8221; box_shadow_blur=&#8221;72px&#8221; box_shadow_spread=&#8221;-12px&#8221; box_shadow_color=&#8221;rgba(0,0,0,0.12)&#8221; global_colors_info=&#8221;{}&#8221;][et_pb_text _builder_version=&#8221;4.27.4&#8243; _module_preset=&#8221;default&#8221; text_font=&#8221;Mountains of Christmas||||||||&#8221; text_text_color=&#8221;#952fde&#8221; text_font_size=&#8221;1.2em&#8221; custom_margin=&#8221;||-1px|||&#8221; global_colors_info=&#8221;{}&#8221;]<\/p>\n<p style=\"text-align: center;\"><strong>Jeste\u015bmy zarejestrowani:<\/strong><\/p>\n<p>[\/et_pb_text][et_pb_text _builder_version=&#8221;4.27.4&#8243; _module_preset=&#8221;default&#8221; text_font=&#8221;Lato||||||||&#8221; text_text_color=&#8221;#000000&#8243; text_font_size=&#8221;0.9em&#8221; text_line_height=&#8221;0.6em&#8221; position_origin_a=&#8221;bottom_left&#8221; position_origin_f=&#8221;bottom_left&#8221; position_origin_r=&#8221;bottom_left&#8221; vertical_offset=&#8221;-25%&#8221; width=&#8221;100%&#8221; custom_padding=&#8221;4%||||false|false&#8221; global_colors_info=&#8221;{}&#8221;]<\/p>\n<p style=\"text-align: center;\"><span><span style=\"color: #952fde;\">NIP\u00a0 <\/span>8513261922<\/span><\/p>\n<p style=\"text-align: center;\"><span><span style=\"color: #952fde;\">REGON\u00a0 <\/span>389418206<\/span><\/p>\n<p style=\"text-align: center;\"><span><span style=\"color: #952fde;\">KRS\u00a0 <\/span>0000911081<\/span><\/p>\n<p>[\/et_pb_text][\/et_pb_column][et_pb_column type=&#8221;1_3&#8243; _builder_version=&#8221;4.27.4&#8243; _module_preset=&#8221;50607da8-57bc-4d4b-aaef-f02e41c2cc4a&#8221; background_color=&#8221;rgba(255,255,255,0.6)&#8221; custom_padding=&#8221;10px|10px|10px|10px|true|true&#8221; custom_padding_tablet=&#8221;10px|10px|10px|10px|true|true&#8221; custom_padding_phone=&#8221;10px|10px|10px|10px|true|true&#8221; custom_padding_last_edited=&#8221;on|phone&#8221; border_radii=&#8221;on|6px|6px|6px|6px&#8221; box_shadow_style=&#8221;preset1&#8243; box_shadow_vertical=&#8221;24px&#8221; box_shadow_blur=&#8221;72px&#8221; box_shadow_spread=&#8221;-12px&#8221; box_shadow_color=&#8221;rgba(0,0,0,0.12)&#8221; global_colors_info=&#8221;{}&#8221;][et_pb_text _builder_version=&#8221;4.27.4&#8243; _module_preset=&#8221;default&#8221; text_font=&#8221;Mountains of Christmas||||||||&#8221; text_text_color=&#8221;#952fde&#8221; text_font_size=&#8221;1.2em&#8221; custom_margin=&#8221;||-1px|||&#8221; global_colors_info=&#8221;{}&#8221;]<\/p>\n<p style=\"text-align: center;\"><strong>Nasze socjalmedia:<\/strong><\/p>\n<p>[\/et_pb_text][et_pb_social_media_follow use_icon_font_size=&#8221;on&#8221; icon_font_size=&#8221;1em&#8221; _builder_version=&#8221;4.27.4&#8243; _module_preset=&#8221;default&#8221; text_orientation=&#8221;center&#8221; custom_padding=&#8221;7%||||false|false&#8221; global_colors_info=&#8221;{}&#8221;][et_pb_social_media_follow_network social_network=&#8221;facebook&#8221; _builder_version=&#8221;4.27.4&#8243; _module_preset=&#8221;default&#8221; background_color=&#8221;#952fde&#8221; background_enable_color=&#8221;on&#8221; global_colors_info=&#8221;{}&#8221; follow_button=&#8221;off&#8221; url_new_window=&#8221;on&#8221;]facebook[\/et_pb_social_media_follow_network][et_pb_social_media_follow_network social_network=&#8221;twitter&#8221; _builder_version=&#8221;4.27.4&#8243; _module_preset=&#8221;default&#8221; background_color=&#8221;#952fde&#8221; background_enable_color=&#8221;on&#8221; global_colors_info=&#8221;{}&#8221; follow_button=&#8221;off&#8221; url_new_window=&#8221;on&#8221;]X[\/et_pb_social_media_follow_network][et_pb_social_media_follow_network social_network=&#8221;youtube&#8221; _builder_version=&#8221;4.27.4&#8243; _module_preset=&#8221;default&#8221; background_color=&#8221;#952fde&#8221; background_enable_color=&#8221;on&#8221; global_colors_info=&#8221;{}&#8221; follow_button=&#8221;off&#8221; url_new_window=&#8221;on&#8221;]youtube[\/et_pb_social_media_follow_network][\/et_pb_social_media_follow][\/et_pb_column][\/et_pb_row][et_pb_row column_structure=&#8221;1_3,1_3,1_3&#8243; make_equal=&#8221;on&#8221; _builder_version=&#8221;4.27.4&#8243; _module_preset=&#8221;default&#8221; positioning=&#8221;none&#8221; position_origin_a=&#8221;center_center&#8221; position_origin_r=&#8221;bottom_right&#8221; width=&#8221;70%&#8221; width_tablet=&#8221;50%&#8221; width_phone=&#8221;90%&#8221; width_last_edited=&#8221;on|phone&#8221; max_width=&#8221;2000px&#8221; custom_padding=&#8221;1px||8px|||&#8221; global_colors_info=&#8221;{}&#8221;][et_pb_column type=&#8221;1_3&#8243; _builder_version=&#8221;4.27.4&#8243; _module_preset=&#8221;50607da8-57bc-4d4b-aaef-f02e41c2cc4a&#8221; background_color=&#8221;RGBA(255,255,255,0)&#8221; custom_padding=&#8221;10px|10px|10px|10px|true|true&#8221; custom_padding_tablet=&#8221;10px|10px|10px|10px|true|true&#8221; custom_padding_phone=&#8221;10px|10px|10px|10px|true|true&#8221; custom_padding_last_edited=&#8221;on|phone&#8221; border_radii=&#8221;on|6px|6px|6px|6px&#8221; global_colors_info=&#8221;{}&#8221;][\/et_pb_column][et_pb_column type=&#8221;1_3&#8243; _builder_version=&#8221;4.27.4&#8243; _module_preset=&#8221;50607da8-57bc-4d4b-aaef-f02e41c2cc4a&#8221; background_color=&#8221;rgba(255,255,255,0.6)&#8221; custom_padding=&#8221;10px|10px|10px|10px|true|true&#8221; custom_padding_tablet=&#8221;10px|10px|10px|10px|true|true&#8221; custom_padding_phone=&#8221;10px|10px|10px|10px|true|true&#8221; custom_padding_last_edited=&#8221;on|phone&#8221; border_radii=&#8221;on|6px|6px|6px|6px&#8221; box_shadow_style=&#8221;preset1&#8243; box_shadow_vertical=&#8221;24px&#8221; box_shadow_blur=&#8221;72px&#8221; box_shadow_spread=&#8221;-12px&#8221; box_shadow_color=&#8221;rgba(0,0,0,0.12)&#8221; global_colors_info=&#8221;{}&#8221;][et_pb_image src=&#8221;https:\/\/tuptamtu.wieszjak.org\/wp-content\/uploads\/2025\/03\/Logo-wspolfinansowane-ze-srodkow-Unii-Europejskiej-1.jpg&#8221; title_text=&#8221;Logo &#8211; wsp\u00f3\u0142finansowane ze \u015brodk\u00f3w Unii Europejskiej (1)&#8221; align=&#8221;center&#8221; _builder_version=&#8221;4.27.4&#8243; _module_preset=&#8221;default&#8221; position_origin_a=&#8221;top_center&#8221; position_origin_r=&#8221;bottom_left&#8221; width=&#8221;100%&#8221; module_alignment=&#8221;center&#8221; global_colors_info=&#8221;{}&#8221;][\/et_pb_image][\/et_pb_column][et_pb_column type=&#8221;1_3&#8243; _builder_version=&#8221;4.27.4&#8243; _module_preset=&#8221;50607da8-57bc-4d4b-aaef-f02e41c2cc4a&#8221; background_color=&#8221;RGBA(255,255,255,0)&#8221; custom_padding=&#8221;10px|10px|10px|10px|true|true&#8221; custom_padding_tablet=&#8221;10px|10px|10px|10px|true|true&#8221; custom_padding_phone=&#8221;10px|10px|10px|10px|true|true&#8221; custom_padding_last_edited=&#8221;on|phone&#8221; border_radii=&#8221;on|6px|6px|6px|6px&#8221; global_colors_info=&#8221;{}&#8221;][\/et_pb_column][\/et_pb_row][\/et_pb_section]<\/p>\n","protected":false},"excerpt":{"rendered":"<p>Zamiast Siedzie\u0107 \u2013 Rozegraj To! Terenowe. Le\u015bne. Miejskie. Firmowe. Niezapomniane. Wyobra\u017a sobie \u015bwiat, w kt\u00f3rym miasto staje si\u0119 plansz\u0105, las \u2013 tajemniczym labiryntem, a Twoi znajomi, uczniowie czy wsp\u00f3\u0142pracownicy \u2013 dru\u017cyn\u0105 gotow\u0105 na ka\u017cd\u0105 przygod\u0119.U nas gry to co\u015b wi\u0119cej ni\u017c zabawa \u2013 to do\u015bwiadczenie, kt\u00f3re \u0142\u0105czy, rozwija i zostaje w pami\u0119ci na d\u0142ugo. &#x1f333; Dla dzieci, m\u0142odzie\u017cy, doros\u0142ych i ca\u0142ych rodzin.&#x1f3d9;&#xfe0f; Dla szk\u00f3\u0142, firm, instytucji i grup zorganizowanych.&#x1f4cd; W mie\u015bcie, w lesie, na podw\u00f3rku \u2013 wsz\u0119dzie tam, gdzie mo\u017cna postawi\u0107 pierwszy krok ku przygodzie. Oferujemy: Autorskie gry miejskie z histori\u0105, fabu\u0142\u0105 i zagadkami. Gry le\u015bne i terenowe z edukacj\u0105 przyrodnicz\u0105, survivalem i ruchem. Gry firmowe \u2013 integracyjne, scenariuszowe, team-buildingowe. Wersje personalizowane, z aktorami, technologi\u0105, kostiumami lub\u2026 czym tylko chcesz. Ka\u017cda nasza gra to: przemy\u015blany scenariusz, pi\u0119kne lokalizacje, rozw\u00f3j kompetencji i relacji, du\u017ca porcja \u015bmiechu, ruchu i odkrywania. Dla nas ka\u017cda grupa to nowa dru\u017cyna, ka\u017cda gra \u2013 nowa przygoda, a ka\u017cdy klient \u2013 partner do tworzenia czego\u015b wyj\u0105tkowego.Chcesz historii z legend? Zagadek z GPS-em? A mo\u017ce wolisz biega\u0107 po lesie za runami i tropami \u017cubra?Niezale\u017cnie od wyboru \u2013 b\u0119dzie si\u0119 dzia\u0142o. I b\u0119dzie si\u0119 o tym m\u00f3wi\u0107! &#x1f4e9; Zajrzyj do naszej oferty i wybierz swoj\u0105 gr\u0119. Albo&#8230; stw\u00f3rzmy j\u0105 [&hellip;]<\/p>\n","protected":false},"author":1,"featured_media":0,"parent":0,"menu_order":0,"comment_status":"closed","ping_status":"closed","template":"","meta":{"_et_pb_use_builder":"on","_et_pb_old_content":"","_et_gb_content_width":"","footnotes":""},"class_list":["post-351","page","type-page","status-publish","hentry"],"_links":{"self":[{"href":"https:\/\/tuptamtu.wieszjak.org\/index.php\/wp-json\/wp\/v2\/pages\/351","targetHints":{"allow":["GET"]}}],"collection":[{"href":"https:\/\/tuptamtu.wieszjak.org\/index.php\/wp-json\/wp\/v2\/pages"}],"about":[{"href":"https:\/\/tuptamtu.wieszjak.org\/index.php\/wp-json\/wp\/v2\/types\/page"}],"author":[{"embeddable":true,"href":"https:\/\/tuptamtu.wieszjak.org\/index.php\/wp-json\/wp\/v2\/users\/1"}],"replies":[{"embeddable":true,"href":"https:\/\/tuptamtu.wieszjak.org\/index.php\/wp-json\/wp\/v2\/comments?post=351"}],"version-history":[{"count":8,"href":"https:\/\/tuptamtu.wieszjak.org\/index.php\/wp-json\/wp\/v2\/pages\/351\/revisions"}],"predecessor-version":[{"id":1132,"href":"https:\/\/tuptamtu.wieszjak.org\/index.php\/wp-json\/wp\/v2\/pages\/351\/revisions\/1132"}],"wp:attachment":[{"href":"https:\/\/tuptamtu.wieszjak.org\/index.php\/wp-json\/wp\/v2\/media?parent=351"}],"curies":[{"name":"wp","href":"https:\/\/api.w.org\/{rel}","templated":true}]}}